pose -j = -3*k + 8. What are the prime factors of k?
7
Let c = 77 - 40. Let g = 1160 - 785. Suppose c*y - g = 32*y. List the prime factors of y.
3, 5
Suppose 653 = 8*m + 5. Suppose m = t + 2*t. What are the prime factors of t?
3
Suppose -32*d = -24305 - 11119. What are the prime factors of d?
3, 41
Let p be 380 + (-6)/(-15) + 4/(-10). Suppose -p = u - 5*u. List the prime factors of u.
5, 19
Let u(j) = -j**2 - 16*j - 10. Let a be u(-15). Suppose 0*f - 3*k = 3*f - 135, 0 = a*k - 20. List the prime factors of f.
41
Let o be 0 + -4*(-1 + 2) + 8. Let u(w) = -w**2 + 2*w. Let h be u(2). Suppose -o*x = -h*x - 68. List the prime factors of x.
17
Let z = 0 + 3. Suppose -2*r - z*r = -610. Suppose 5*f - 3*f - 161 = -3*i, -2*i + r = 5*f. What are the prime factors of i?
3, 17
Suppose 2*y + 4*n = 2690, -1214 - 4226 = -4*y + 4*n. What are the prime factors of y?
5, 271
Let a(l) = -l**3 - 5*l**2 - 2*l - 9. Let d be a(-5). Let m(p) = 4*p**2 - 1. What are the prime factors of m(d)?
3
Suppose -3*x + 4*x = -3. Let s be 1*(-1 - -2 - x). Suppose 84 = s*y - 24. What are the prime factors of y?
3
Let b = -41 + 148. List the prime factors of b.
107
Let s(w) = 3*w + 1. Let c(v) = 6*v + 2. Let p(a) = 6*c(a) - 13*s(a). Let o = -5 + -3. What are the prime factors of p(o)?
23
Let t(j) = 879*j**2 + 2*j - 3. Let h be t(1). Suppose 0 = -9*n + h - 122. List the prime factors of n.
2, 3, 7
Suppose 7*a - 25 = 6*a. Let m = -18 + a. Suppose -m - 13 = -5*i. List the prime factors of i.
2
Let y(j) = -3*j**3 - 4*j - 20. List the prime factors of y(-3).
73
Let l(t) be the second derivative of t**5/15 - t**4/8 - t**3/3 - t. Let k(u) be the second derivative of l(u). What are the prime factors of k(4)?
29
Let x = -46 - -131. Suppose c + x = 6*c. What are the prime factors of c?
17
Suppose 5 = -2*r + a, 0*r = -4*r - 4*a + 20. Let f = 0 + r. List the prime factors of f - -3 - -21 - -1.
5
Let z(m) = 80*m - 184. List the prime factors of z(10).
2, 7, 11
Let c(y) = -y**2 - 4*y + 4. Let l be c(-5). What are the prime factors of (-4 - l)/((-19)/209)?
3, 11
Let x(r) = 200*r**2 + 15*r - 5. What are the prime factors of x(4)?
3, 5, 7, 31
List the prime factors of (-4)/7 + 227514/196*2.
11, 211
Let c = -3341 - -5192. What are the prime factors of c?
3, 617
Let u = 1557 + 7. What are the prime factors of u?
2, 17, 23
Suppose 15*w = 3801 - 1341. What are the prime factors of w?
2, 41
What are the prime factors of -409*(-6 - (-7)/((-7)/(-5)))?
409
What are the prime factors of ((-173)/1)/1*(-124 - -107)?
17, 173
Let i(g) = 5*g**2 - 37*g + 43. List the prime factors of i(10).
173
Suppose -4*z = z + v - 25, -37 = -3*z - 5*v. Suppose 6*y - 840 = y + z*b, -2*y + b = -333. What are the prime factors of y?
2, 41
Let x(t) = -t**3 - t**2 - 3*t - 1. Suppose 4*l - 16 = 2*y, -3*l - 5*y + 10*y = -26. Suppose 0*v - v = l. List the prime factors of x(v).
3
Suppose -9*x + 7*x + 894 = 0. Let n = x - 208. What are the prime factors of n?
239
List the prime factors of 89/2*((-5 - -24) + -1).
3, 89
List the prime factors of (-1461)/(-9)*(-9 - -12).
487
Suppose 11*w - 14*w - 4*y + 2291 = 0, -y - 1 = 0. What are the prime factors of w?
3, 5, 17
Let n = 13 - -23. Let g be 6*(-4 + n/8). Suppose 3*r = 4*b - 83, -4*r - 6 = b - g. What are the prime factors of b?
17
Let c(h) = -h**3 + 27*h**2 - 24*h + 94. What are the prime factors of c(23)?
2, 829
List the prime factors of 2/(8/908) - 1.
2, 113
Let y = -16 + 28. Suppose 5*g = 4*l + 32, g + 5*l - 1 + y = 0. Suppose -g*c = 2*a - 8, c + 10 = -a + 2*a. List the prime factors of a.
2
Let r(z) = 160*z**3 - z**2 + 1. Suppose -16*x + 21*x - 5 = 0. What are the prime factors of r(x)?
2, 5
Suppose 6*x = 4*x - 4*k + 42, 90 = 4*x + 5*k. List the prime factors of x.
5
Suppose -5*h + 630 = 5*x, 3*x - 26*h + 27*h - 388 = 0. List the prime factors of x.
131
Let d = -11 + 9. List the prime factors of d + (67 - (-2 - -3)).
2
Let h(x) be the first derivative of 4*x**3/3 - 2*x**2 - 14*x + 22. What are the prime factors of h(5)?
2, 3, 11
What are the prime factors of (2130 - -4) + (-5 - 0)*-1?
3, 23, 31
Let u(h) = h + 6. Let b be u(-5). Let f be (b - -5)/(10/175). Suppose 0 = -8*s + 3*s + f. List the prime factors of s.
3, 7
Suppose 5*f - 37 + 12 = 3*p, -5*p + f = 5. Suppose 0*b + 5*b = 10. Suppose p = -3*t + 3, -61 = -c - b*c - t. What are the prime factors of c?
2, 5
Let p = 2042 + -1094. List the prime factors of p.
2, 3, 79
Let t = -5 + 8. Suppose 0 = -5*p - 0*n - n + 26, 4*p - t*n = 36. List the prime factors of p*(-1)/((-1)/5).
2, 3, 5
Let v be ((-9)/(-2))/((-2)/((-296)/3)). Let j = -156 + v. What are the prime factors of j?
2, 3, 11
What are the prime factors of (-8 + 6)/((-1)/172)?
2, 43
Let n(r) = 30*r + 478. What are the prime factors of n(18)?
2, 509
Let m(h) = -7*h**2 - 4*h + 9. Let s be m(-4). Let w = -53 - s. List the prime factors of w.
2, 17
Let t = -7 - 87. Let x = t + 114. List the prime factors of x.
2, 5
Let l(g) = g**2 - 5*g + 4. Let q be l(3). Let u(a) = -2*a - 1. Let c be u(q). What are the prime factors of -12*c/(-9)*2?
2
Let w = 1197 + -679. What are the prime factors of w?
2, 7, 37
Suppose -376*g + 400*g - 72720 = 0. List the prime factors of g.
2, 3, 5, 101
Suppose 64 = 11*f + 5*f. Suppose 0 = 2*v + v - 2*y - 66, 86 = f*v - 2*y. What are the prime factors of v?
2, 5
Let u = -11 + 12. Let b be -1*(-2 + u)*2. Suppose 0*o = -b*o + 36. List the prime factors of o.
2, 3
Suppose l + 83 = 4*p + 4*l, 0 = -p - 2*l + 22. Suppose p = 4*n + n. Let j = n - -5. What are the prime factors of j?
3
Suppose 4*w - 120 = 48. Let y = 92 - w. Let f = y - 20. List the prime factors of f.
2, 3, 5
Suppose z + 6 = -2*z. Suppose 1076 = 4*u + 2*p, 0*u + 5*p - 530 = -2*u. What are the prime factors of u/12 - (-1)/z?
2, 11
Suppose 9*f + 3*j = 12*f - 7725, 0 = 4*f - 3*j - 10299. What are the prime factors of f?
2, 3, 11, 13
Suppose 3*l - 555 = -2*y, 0*y + 5*y - 3*l = 1377. List the prime factors of y.
2, 3, 23
Suppose 4*u + u = -85. Let a = u - -44. What are the prime factors of a?
3
Let h be 203 - (4 + -29)/(-5). Let l = -57 + h. List the prime factors of l.
3, 47
Let u = -6 + 16. Let i = 10 - u. Suppose i = -5*x - 0*x + 75. What are the prime factors of x?
3, 5
Suppose 3*d - 9 = -2*x + 3*x, 0 = -3*x - 9. Let q = d + -8. Let k = 5 - q. List the prime factors of k.
11
Let t(u) = -7*u + 8. Let f be (-4)/(-26) + (-288)/(-156). Suppose 0*p = f*p + 8. What are the prime factors of t(p)?
2, 3
Let v(d) = d**2 - d + 6. Let x = -3 + 11. What are the prime factors of v(x)?
2, 31
What are the prime factors of ((-35)/(-20))/(4 + (-1071)/268)?
7, 67
Let d = -7 - 5. Let b = -9 - d. What are the prime factors of b/(-2)*22/(-3)?
11
Let u = -41 + 44. Suppose 17 + u = f. What are the prime factors of f?
2, 5
Let t = 113 - 67. Let h = t - -13. Let u = -27 + h. What are the prime factors of u?
2
Let i = -1482 - -2534. List the prime factors of i.
2, 263
Suppose 10*h - 13*h = -609. What are the prime factors of h?
7, 29
Let l(s) = 13*s**2 + 81*s - 1. Let h(u) = 3*u - 10*u - 3*u**2 - 4*u - 9*u. Let f(x) = 9*h(x) + 2*l(x). What are the prime factors of f(-12)?
2, 5, 7
Let d(v) = 37*v**3 + 29*v**3 + 11*v + 66 + 14*v**2 + 39*v**3 - 104*v**3. What are the prime factors of d(-13)?
2, 23
Suppose -4*v = 2*t - 4902, v + 3*t - 1222 = -t. List the prime factors of v.
2, 613
Suppose 0 = 2*v - 230 - 12. Let q = v - 67. List the prime factors of q.
2, 3
Let s = -236 + 345. Let t = -64 + s. Let a = 79 - t. List the prime factors of a.
2, 17
Suppose -n + 15 = 5*h + 3*n, 0 = 3*h + 2*n - 7. List the prime factors of -1 + (h*(-37)/(-1))/(-1).
2, 3
List the prime factors of 220 + 1 - (-7 + (7 - 1)).
2, 3, 37
Let j = -41 + 87. Let x = 72 - j. What are the prime factors of x?
2, 13
Let o = -14 - -18. Suppose -4*f = r + 10, 2*r + 3*f + 0 + 5 = 0. Suppose r*d = 5*h + 33, -h + 4*h + 31 = o*d. List the prime factors of d.
2
Let k = 2804 + -1906. What are the prime factors of k?
2, 449
Suppose 6*t + 304 = 1360. Suppose -2*q = -8*o + 3*o + 458, 0 = -2*o - q + t. What are the prime factors of o?
2, 3, 5
Suppose 3*s + 0*i = 2*i + 2, 5*s - 12 = -i. Suppose 8 = 4*d - s*d. Suppose 3*j = -5*h + 38, -2*h + 42 = 4*j - d*h. List the prime factors of j.
11
Let r(n) = -5*n + 2. Suppose -4*z + 2 = 26. Let d(x) = x**2 + 5*x - 9. Let k be d(z). What are t